t q be 0 + -2 + 0 - -8. Suppose -b = 3*u + q, -u - 10 = b + 4*u. Suppose -18 = -2*p + 4*m, 0*p - 4*p + 2*m + 18 = b. What is the units digit of p?
3
Suppose y = 4*n - 98 - 228, -322 = -4*n + 3*y. What is the units digit of n?
2
What is the units digit of (120/(-25))/((-4)/30)?
6
Suppose -2 = f - 0*f. What is the units digit of 4 - 3*(1 + f)?
7
Let n be -3 + 1*(-4)/(-2). Let q = 2 - n. What is the units digit of q?
3
Suppose 5*a = -35 + 170. What is the units digit of a?
7
Let x = -12 - 7. Let q = 74 + x. What is the units digit of q?
5
Suppose -4*x - 3*p - 7 = 7, -4*p = 3*x + 14. Let y be (-20)/(-25)*(-5)/x. Suppose y*f - 16 = -2*f. What is the units digit of f?
4
Let h(p) = -p**2 - 5*p. Let t be h(-5). Suppose -2*s + 0*s = t. Suppose 2*n - u - 10 - 8 = 0, s = 2*n + 4*u - 8. What is the units digit of n?
8
Let s = -54 + 91. What is the units digit of s?
7
What is the units digit of (-5)/20 - (-1251)/12?
4
Suppose 17*a - 15*a = 172. What is the units digit of a?
6
What is the tens digit of 352/4*1 + 4?
9
What is the units digit of (-2238)/(-33) - 8/(-44)?
8
Suppose 3*v + 3*c + 0*c = 60, 2*c = 0. What is the units digit of v?
0
Suppose -3*o = -2*z + 124, -4*o + 9 = 3*z - 194. What is the tens digit of z?
6
Suppose 0*v = 2*v - 8. Suppose -2*r + 5*a = 3 - 17, -v*a = r - 7. Suppose 4*m - r = 1. What is the units digit of m?
2
Let y(o) be the second derivative of o**5/10 + 2*o**3/3 - 3*o**2/2 + o. What is the tens digit of y(2)?
2
Let z(c) be the third derivative of -c**4/8 - c**3/6 - c**2. Let d be z(1). What is the units digit of 0 - d - (-1 - -4)?
1
Let g = -2 - 5. Suppose 2*a + 3*a + 70 = 0. Let v = g - a. What is the units digit of v?
7
Suppose -4*v - 3*s = -9 - 0, 0 = -3*v + 2*s + 28. What is the units digit of (-1 - 2)*(-10)/v?
5
Let b(p) = p - 3. Let z = 10 + -5. Let m be b(z). Let h = m - -3. What is the units digit of h?
5
Let z = 1 - 1. Suppose 2*x + x + 6 = z, 27 = l - x. Let d = 38 - l. What is the units digit of d?
3
Let l(g) = 6*g - 3. Let h be 1015/91 - (-4)/(-26). Let y = -8 + h. What is the tens digit of l(y)?
1
Suppose -3*n = -8*n - y - 6, -3*n + 6 = 3*y. Let w = 16 - n. What is the units digit of w?
8
Let v(x) = -2*x - 3*x**2 + 4*x**2 - 20*x**3 - 1 - 2*x**2. What is the tens digit of v(-1)?
2
Let v(a) = a**2 - 11*a + 6. Let l be v(9). Let b = -45 + 67. Let y = b + l. What is the tens digit of y?
1
Suppose c + 4*i = 78, -5*c = -c - 5*i - 417. What is the units digit of c?
8
Suppose -4*f + 8 = -3*h, f + 0 = h + 1. Suppose -f*b + 5 + 10 = 5*c, 2*b + 2 = 0. What is the units digit of c?
4
Suppose 48 = c + 2*c. What is the units digit of c/4 + (-1 - -2)?
5
Let t(p) = 2*p**3 + 2*p**2 - p - 4. Let d be t(3). Let o = d - 45. Suppose m + m - o = 0. What is the units digit of m?
0
Suppose -4*j = 4 + 4. Let h be -1*9*j - 0. Let o = h + -5. What is the tens digit of o?
1
Suppose 0*g + 15 = 3*y - 3*g, -2*y = -3*g - 12. What is the tens digit of ((-117)/(-6))/y*4?
2
Let g = -3 + 9. Suppose 6*c - 4*c - 4*l = -g, -3*c - 6 = -5*l. Let u(m) = 4*m + 2. What is the tens digit of u(c)?
1
What is the units digit of -31*(4 + -5) - -3?
4
Let u be -2 - 0 - (37 + -3). What is the units digit of 9/u + (-49)/(-4)?
2
Suppose 0*a + 5 = 5*a. Let y = a - 1. Suppose 0 = -y*m - 4*m + 28. What is the units digit of m?
7
Suppose 10 = 3*i + 4. Suppose 3*y + 0*f - 5*f = 7, -21 = -4*y - 5*f. Suppose y*b = i*b + 16. What is the units digit of b?
8
Let n(u) = -u**3 - 7*u**2 + u - 5. Let y be n(-7). Let q be (6/(-4))/(9/y). What is the tens digit of 2*(-3 + q)*-8?
1
Suppose -2*o + 4*a + 280 = 0, 3*o + 2*o - 700 = -a. What is the units digit of o?
0
Let u = 41 + -122. What is the units digit of (-4)/10 - u/15?
5
Let t(b) = 12*b - 1. Let x be t(-7). Let f be x/(-25) + 4/(-10). Suppose f*u = 6*u - 9. What is the units digit of u?
3
Let z(y) be the first derivative of 7/3*y**3 - 7*y + 2 + 1/4*y**4 - 5*y**2. What is the units digit of z(-8)?
9
Let y be -4 + 3 - (-6 - 0). Let j be (8/10)/(y/(-25)). What is the units digit of (-80)/(-14) - j/14?
6
Let h(u) = 3*u**2 - u - 4. What is the units digit of h(4)?
0
Suppose 0 = -5*o + 227 - 7. What is the units digit of o?
4
Let n(l) = -l**3 - l - 2. Let y be n(0). Let g be (1/2)/((-1)/y). Suppose 0*q - q = -g. What is the units digit of q?
1
Suppose -105 = -2*a + 53. What is the tens digit of a?
7
Let d(z) = z - 7. Let a be d(-5). Suppose 0 = -c + 2*c + 2. What is the units digit of (a + c)*1/(-2)?
7
What is the tens digit of (-2)/(-3)*-6*(-2 - 6)?
3
Suppose b + 2 = 2*b. Let d(v) = -3*v + 2 - 8*v**b - 4*v + 2*v**3 - 3*v**3. What is the units digit of d(-7)?
2
Let f = -6 - -12. Let u(v) = -v**2 + 7*v + 4. Let i be u(f). Suppose 0 = 3*h - i - 17. What is the units digit of h?
9
Let s(a) = 2*a**2 + 14*a + 3. What is the tens digit of s(-11)?
9
Let t(m) = -3*m + 1. Let k be t(-10). Let j = -21 + k. What is the tens digit of j?
1
Let l be (-4)/14 - (-363)/21. Let o(q) = -q - 1. Let c be o(5). Let u = c + l. What is the tens digit of u?
1
Let f(q) = q**2 - 2*q - 4. Let s be f(4). Let v be s/(-14) + 130/14. Suppose -21 = -2*b - v. What is the units digit of b?
6
Suppose -c + 4 = c. Suppose 0 = g - c - 0. What is the units digit of 4/(-8) + 15/g?
7
Let z = 44 - 31. Suppose 2*l - z = 3. Let u = l + 12. What is the units digit of u?
0
Suppose -5*z = -62 + 22. Let l = z + 3. What is the units digit of l?
1
Let w(g) = 2*g**2 - 3*g - 37. What is the units digit of w(16)?
7
Let v be (2/3)/((-6)/(-9)). Suppose -r - v = -10. What is the units digit of r?
9
Let a = 114 + -57. What is the tens digit of a?
5
Let u(s) = 92*s - 33. What is the units digit of u(4)?
5
Let l be (9/6)/((-2)/(-4)). Suppose l*i = i. Suppose i = -y + 3*z + 20, 4*z = -y - 0*z - 8. What is the units digit of y?
8
Let o(c) = -c**2 - c + 3. Let z be o(0). Let x(u) = z*u**2 + 9*u - 2*u**2 + 5 - 4*u. What is the tens digit of x(-7)?
1
What is the hundreds digit of (-2)/20 + 4924/40?
1
Let l = -3 + 1. Let t be 2 - (l - (0 + 0)). Suppose 33 = t*x - x. What is the tens digit of x?
1
Suppose 4*t = 3 + 17. Let a = t - -3. What is the units digit of a?
8
Suppose -5*f = 0, -2*f + 12 = 2*x - 4. Let d = -5 + x. Suppose -5*q - j = d*j - 1, 0 = -4*q + 2*j + 6. What is the units digit of q?
1
Suppose -19 - 3 = 4*o + 2*d, -3*d = -5*o. Let t be o*20/6*-1. What is the units digit of (-16)/(-10)*t/4?
4
Suppose -2*p = 2*p - 256. What is the units digit of p?
4
Suppose 3*l - 52 = -4*j, 5*j - 79 - 17 = 4*l. What is the units digit of j?
6
Let u(w) = w**3 - 2*w**2 + 2*w - 2. Let h be u(2). Suppose h*q - 7 = 17. Suppose 2*l - 5*x + x - q = 0, 0 = -4*x - 4. What is the units digit of l?
4
Let a = 202 + -128. What is the tens digit of a?
7
Suppose -180 = -2*h + 2*z, -z - 20 = h - 118. Suppose -8*u + h = -74. What is the tens digit of u?
2
Let y(l) = 0 + 6*l**2 - 4*l**2 - 3*l + 1 + l**3. Let n be y(-3). What is the units digit of (-2 - n)/(1/(-1))?
3
Suppose j = -0*j. What is the tens digit of 2*((-17)/(-2) + j)?
1
Let n = -124 - -280. What is the units digit of n?
6
Let c(n) = -n**2 - 8*n + 2. What is the units digit of c(-6)?
4
Let k = -10 - -24. Let p = 11 + k. Suppose 5*l = 5*t - p, 0*l - 20 = -5*l. What is the units digit of t?
9
Let a(p) = 0 - 10*p + 1 - p**2 + 0*p**2. Suppose 3*q + 5*f + 32 = -0*f, -14 = 2*q - 4*f. What is the units digit of a(q)?
0
Suppose 4*o = -0*o + 2*v + 8, 2*o = 4*v + 10. What is the units digit of o?
1
Suppose 0 = 3*t + 12, -2*z = -3*z - 2*t + 2. What is the tens digit of z?
1
Let b(g) = g**2 + 3*g - 3. Let x be b(-5). Let p = 23 - x. Suppose 0*i + p = 4*i. What is the units digit of i?
4
Let t = 286 + -80. What is the hundreds digit of t?
2
Suppose 0 = 5*l - 5*h - 130, 0 = -3*l - 4*h + 62 + 9. What is the tens digit of l?
2
What is the tens digit of 102 + 4 + -1 + 0?
0
Let y(v) = v + 11. Let x(t) = 1. Let u(r) = 15*x(r) - 3*y(r). What is the units digit of u(-14)?
4
Let x(v) = v - 1. Let j be x(3). Suppose j*l - 49 = l. What is the units digit of (-2)/(-8) + l/28?
2
Let f(r) = 3*r**2 - 4. What is the units digit of f(3)?
3
Suppose -5*w + 15 = -5. Suppose -w*t = -3*z + z - 62, 0 = 5*t - 2*z - 76. What is the tens digit of t?
1
Let o(z) = -z**3 + z**2 - 1. Let l(h) = -3*h**3 - 6*h**2 - 3*h - 5. Let p(t) = l(t) - 2*o(t). What is the units digit of p(-8)?
1
Let a(k) = 2*k - 3